, what is -6b - -e?
-5d
In base 9, what is 45563 + -44?
45518
In base 12, what is -257 + -2017?
-2272
In base 15, what is -1 + -1b65?
-1b66
In base 8, what is 5357 + -55?
5302
In base 2, what is 10010000101000101 + 1?
10010000101000110
In base 6, what is 10342141 - -1?
10342142
In base 3, what is -2000112 - -2012?
-1221100
In base 8, what is -13 + -24772?
-25005
In base 7, what is -15521 - -2?
-15516
In base 7, what is -2 + -11462?
-11464
In base 15, what is -875ed - 4?
-87602
In base 15, what is -5 - -24244?
2423e
In base 13, what is 8 + -4c675?
-4c66a
In base 9, what is -1 - 1152743?
-1152744
In base 5, what is -4 - 114101022?
-114101031
In base 15, what is -4 - 4b66?
-4b6a
In base 9, what is -3220266 - 4?
-3220271
In base 14, what is b + 3393c?
33949
In base 11, what is -5 + -8a06?
-8a10
In base 9, what is -545745 + 2?
-545743
In base 2, what is 111010010001 - -11?
111010010100
In base 16, what is -7b + -4b6?
-531
In base 13, what is -3 - -7a12?
7a0c
In base 4, what is -2232 - -3023?
131
In base 11, what is -541a4 + -5?
-541a9
In base 10, what is 1105 + 2541?
3646
In base 10, what is 3709599 - -3?
3709602
In base 8, what is 243511 + 3?
243514
In base 14, what is -170 - 185?
-315
In base 2, what is 10111000010110000101 - -11?
10111000010110001000
In base 2, what is -1110101011110000001 - 10?
-1110101011110000011
In base 14, what is 251 - -1bb?
42c
In base 2, what is 1 + -100000110010110?
-100000110010101
In base 10, what is -17703 - 0?
-17703
In base 4, what is -11220 - -21?
-11133
In base 13, what is 2 + 26a04?
26a06
In base 14, what is -30c + -a0?
-3ac
In base 5, what is 2134 - -221?
2410
In base 6, what is 2 + 130532?
130534
In base 5, what is -2331031 + 0?
-2331031
In base 11, what is 5094 + 38?
5121
In base 3, what is 111012021000 - -12?
111012021012
In base 13, what is 11600 + 3?
11603
In base 7, what is 405 - -45?
453
In base 15, what is -a1d592 - -1?
-a1d591
In base 3, what is 10022 - -101001?
111100
In base 2, what is -100001010011101101 - -11?
-100001010011101010
In base 8, what is -263550 + -16?
-263566
In base 5, what is -243242 + 3?
-243234
In base 4, what is 120313023 - 11?
120313012
In base 13, what is 12 - a13?
-a01
In base 11, what is 86869 + -21?
86848
In base 10, what is -37 + 1394?
1357
In base 6, what is 345 + 230?
1015
In base 5, what is -1011344 + 11?
-1011333
In base 3, what is 120210112122 - 0?
120210112122
In base 8, what is -15 + 77644?
77627
In base 12, what is 21 + 150?
171
In base 2, what is -100100101 + -10010111?
-110111100
In base 14, what is -5 + abdc?
abd7
In base 12, what is 397 + -b1?
2a6
In base 16, what is 4d6d - -4?
4d71
In base 9, what is -164 + -260?
-434
In base 7, what is 2154614 + -11?
2154603
In base 11, what is 5499 - -a1?
558a
In base 4, what is -110 - 12202323?
-12203033
In base 2, what is -110 - 111100101101011101?
-111100101101100011
In base 13, what is -13 + -1352?
-1365
In base 8, what is 66462 - 1?
66461
In base 11, what is -5 - 35230?
-35235
In base 8, what is -3 + -357472?
-357475
In base 9, what is 1335 - -768?
2214
In base 11, what is -917 + -13?
-92a
In base 4, what is 2000323 - 131?
2000132
In base 12, what is 163 + -40?
123
In base 11, what is -300 - -4765?
4465
In base 9, what is -3 - 304138?
-304142
In base 4, what is 2011110 + 1?
2011111
In base 4, what is -220111 - 32100?
-312211
In base 12, what is -9b9 - -4?
-9b5
In base 7, what is -30 + -301226?
-301256
In base 3, what is 0 - 10020222002?
-10020222002
In base 11, what is -8 + -30808?
-30815
In base 4, what is -3 - -122120223?
122120220
In base 8, what is 1 + -35633?
-35632
In base 9, what is -1061238 + 0?
-1061238
In base 12, what is -8179b + 4?
-81797
In base 15, what is -4 - 8d1b7?
-8d1bb
In base 9, what is -564 + -24?
-588
In base 12, what is -22 - -38?
16
In base 12, what is 124226 - -1?
124227
In base 9, what is -2010 - -253?
-1646
In base 10, what is -15 - -42723?
42708
In base 10, what is 1 + -7553?
-7552
In base 8, what is 550545 - -5?
550552
In base 16, what is -12ed82 - 3?
-12ed85
In base 11, what is 5 + -5202?
-51a8
In base 6, what is 122 + -41010?
-40444
In base 5, what is -4 + -11213002?
-11213011
In base 15, what is 466 - -3?
469
In base 13, what is -ac + 77?
-35
In base 4, what is 201330003 + -1?
201330002
In base 15, what is 36d3 + 17d?
3861
In base 2, what is -10011 + -1101110?
-10000001
In base 11, what is -2 - 59a78?
-59a7a
In base 3, what is 0 - -212022011?
212022011
In base 4, what is -32 - -3011133?
3011101
In base 15, what is 0 - e5667?
-e5667
In base 8, what is -1323 + -722?
-2245
In base 7, what is -3 - -52323?
52320
In base 6, what is -34210 + 1051?
-33115
In base 5, what is -4 - 4440221?
-4440230
In base 15, what is -34026 - 2?
-34028
In base 14, what is -1 - d722?
-d723
In base 10, what is -506431 - -1?
-506430
In base 11, what is 0 + 6a83?
6a83
In base 13, what is -93 + -2c?
-c2
In base 3, what is -1111202022 + 10?
-1111202012
In base 3, what is 112122200000 + 11?
112122200011
In base 4, what is -2 + 202021?
202013
In base 11, what is 663 - 14a?
514
In base 16, what is -9a9 - -c0?
-8e9
In base 10, what is -250185 - -2?
-250183
In base 6, what is 0 - 135304?
-135304
In base 8, what is -563 - -1067?
304
In base 6, what is 1045 - -432?
1521
In base 7, what is 135 + 2610?
3045
In base 14, what is 3 + -8d79?
-8d76
In base 7, what is -66 + -126043?
-126142
In base 11, what is 24 - 15454?
-15430
In base 15, what is a3 - 41d?
-36a
In base 15, what is 45927 - -1?
45928
In base 2, what is -101101 + 100101100110110?
100101100001001
In base 12, what is -398 + 61?
-337
In base 16, what is 5d - -22d?
28a
In base 9, what is 0 - 2081353?
-2081353
In base 12, what is 6309 + 12?
631b
In base 5, what is 3044043 - -10?
3044103
In base 14, what is 49d - 8?
495
In base 2, what is -10011 - -1100001110100111?
1100001110010100
In base 7, what is -105 - 1012?
-1120
In base 11, what is -5729 - 1a?
-5748
In base 13, what is 20 + -2383?
-2363
In base 11, what is a12 + -260?
762
In base 15, what is -4 - -69c3?
69be
In base 12, what is 71ba + -2?
71b8
In base 10, what is -3928 + -5?
-3933
In base 14, what is 104d + 7?
1056
In base 14, what is 5 + 1b14?
1b19
In base 12, what is 0 + b272?
b272
In base 14, what is -1 - -2909?
2908
In base 3, what is 2200111021 + 1?
2200111022
In base 10, what is 5458229 - 5?
5458224
In base 7, what is -15635 - -11?
-15624
In base 12, what is -5 - -70067?
70062
In base 13, what is 14454 + -6?
1444b
In base 16, what is 3add0 + -2?
3adce
In base 6, what is -2523044 - -1?
-2523043
In base 5, what is 0 + 4224010?
4224010
In base 6, what is 1 - -11345?
11350
In base 14, what is 4708d - 4?
47089
In base 16, what is 0 + -1fd72?
-1fd72
In base 9, what is 37 - 1520?
-1472
In base 8, what is -57 - -306?
227
In base 3, what is 10 - 121101200?
-121101120
In base 13, what is 19a6 + -7?
199c
In base 4, what is 31023 - -1021111?
1112200
In base 8, what is 15 + -12671?
-12654
In base 9, what is -107852 - -1?
-107851
In base 11, what is 496 + -337a?
-2994
In base 5, what is -1023 + -44110?
-100133
In base 9, what is -2 + -15141?
-15143
In base 5, what is -30 - 3013431?
-3014011
In base 6, what is 2012522 + 4?
2012530
In base 4, what is -312123 + 20303?
-231220
In base 6, what is 111 + 5121?
5232
In base 5, what is 10 + -1411043?
-1411033
In base 4, what is -1 + 2332331112?
2332331111
In base 10, what is -5 - -79722?
79717
In base 15, what is -177 + 18a?
13
In base 14, what is 4c480 - 4?
4c47a
In base 7, what is 1 - 446456?
-446455
In base 11, what is 2 - -33506?
33508
In base 11, what is -4 - -1aa10?
1aa07
In base 9, what is 444384 + 2?
444386
In base 12, what is -8 + 391a7?
3919b
In base 7, what is -3 - 130323?
-130326
In base 7, what is 235622 + -30?
235562
In base 15, what is 15 + -1c0?
-1aa
In base 14, what is 5 - -7508?
750d
In base 11, what is -a5974 + 1?
-a5973
In base 11, what is -42325 - -6a?
-42266
In base 13, what is -bb + 9?
-b2
In base 5, what is 202200 + 31?
202231
In base 10, what is 11952 + 1?
11953
In base 5, what is -13 + -3012?
-3030
In base 5, what is -2 - 123114312?
-123114314
In base 13, what is 6b6 + 25a?
943
In base 15, what is -3c1 + 1b0?
-211
In base 14, what is 3b7 + 1133?
150a
In base 7, what is 2 - 124003?
-124001
In base 11, what is -4 - 33720?
-33724
In base 11, what is -161 + -